{"id":23,"date":"2021-12-02T09:29:34","date_gmt":"2021-12-02T08:29:34","guid":{"rendered":"http:\/\/cool-clim.com\/?page_id=23"},"modified":"2021-12-02T16:09:42","modified_gmt":"2021-12-02T15:09:42","slug":"multi-split","status":"publish","type":"page","link":"https:\/\/cool-clim.com\/index.php\/multi-split\/","title":{"rendered":"Multi Split"},"content":{"rendered":"\n<div style=\"height:100px\" aria-hidden=\"true\" class=\"wp-block-spacer\"><\/div>\n\n\n\n<div class=\"wp-block-image is-style-default\"><figure class=\"aligncenter size-full\"><img loading=\"lazy\" decoding=\"async\" width=\"600\" height=\"400\" src=\"https:\/\/cool-clim.com\/wp-content\/uploads\/2021\/12\/climatisation-multi-split.png\" alt=\"\" class=\"wp-image-181\" srcset=\"https:\/\/cool-clim.com\/wp-content\/uploads\/2021\/12\/climatisation-multi-split.png 600w, https:\/\/cool-clim.com\/wp-content\/uploads\/2021\/12\/climatisation-multi-split-300x200.png 300w\" sizes=\"(max-width: 600px) 100vw, 600px\" \/><\/figure><\/div>\n\n\n\n<div style=\"height:50px\" aria-hidden=\"true\" class=\"wp-block-spacer\"><\/div>\n\n\n\n<div class=\"wp-block-columns is-layout-flex wp-container-core-columns-is-layout-1 wp-block-columns-is-layout-flex\">\n<div class=\"wp-block-column is-layout-flow wp-block-column-is-layout-flow\" style=\"flex-basis:100%\">\n<ul><li>Compos\u00e9 d&rsquo;un groupe ext\u00e9rieur de plusieurs unit\u00e9s int\u00e9rieures (5 maximum).<\/li><li>Chauffage ou rafraichissement d&rsquo;un maximum de 5 pi\u00e8ces distinctes.<\/li><li>Commande individuelle pour chaque pi\u00e8ce.<\/li><li>Possibilit\u00e9 d&rsquo;installer des mod\u00e8les gainables qui fonctionne gr\u00e2ce \u00e0 des grilles d&rsquo;\u00e9vacuation puisque le groupe est install\u00e9 dans un faux plafond ou combles.<\/li><li>Si le besoin n&rsquo;est que pour une pi\u00e8ce il est pr\u00e9f\u00e9rable d&rsquo;opter pour un mod\u00e8le <a href=\"https:\/\/cool-clim.com\/index.php\/mono-split\/\">mono split.<\/a><\/li><\/ul>\n\n\n\n<p>N\u2019h\u00e9sitez pas \u00e0 nous faire une demande de&nbsp;<a href=\"https:\/\/cool-clim.com\/index.php\/demande-de-devis\/\">devis<\/a>&nbsp;gratuit et sans engagement de votre part.<\/p>\n<\/div>\n<\/div>\n\n\n\n<div style=\"height:50px\" aria-hidden=\"true\" class=\"wp-block-spacer\"><\/div>\n\n\n\n<div class=\"wp-block-buttons is-layout-flex wp-block-buttons-is-layout-flex\"><\/div>\n\n\n\n<div class=\"wp-block-columns is-layout-flex wp-container-core-columns-is-layout-2 wp-block-columns-is-layout-flex\">\n<div class=\"wp-block-column is-layout-flow wp-block-column-is-layout-flow\">\n<div class=\"wp-block-buttons is-content-justification-center is-layout-flex wp-block-buttons-is-layout-flex\">\n<div class=\"wp-block-button is-style-fill\"><a class=\"wp-block-button__link\" href=\"https:\/\/cool-clim.com\/index.php\/contact\/\">Contactez-Nous!<\/a><\/div>\n<\/div>\n<\/div>\n<\/div>\n\n\n\n<p><\/p>\n","protected":false},"excerpt":{"rendered":"<p>Compos\u00e9 d&rsquo;un groupe ext\u00e9rieur de plusieurs unit\u00e9s int\u00e9rieures (5 maximum). Chauffage ou rafraichissement d&rsquo;un maximum de 5 pi\u00e8ces distinctes. Commande individuelle pour chaque pi\u00e8ce. Possibilit\u00e9 d&rsquo;installer des mod\u00e8les gainables qui fonctionne gr\u00e2ce \u00e0 des grilles d&rsquo;\u00e9vacuation puisque le groupe est install\u00e9 dans un faux plafond ou combles. Si le besoin n&rsquo;est que pour une pi\u00e8ce &hellip;<\/p>\n<p class=\"read-more\"> <a class=\"\" href=\"https:\/\/cool-clim.com\/index.php\/multi-split\/\"> <span class=\"screen-reader-text\">Multi Split<\/span> Lire la suite\u00a0\u00bb<\/a><\/p>\n","protected":false},"author":1,"featured_media":0,"parent":0,"menu_order":0,"comment_status":"closed","ping_status":"closed","template":"","meta":{"_monsterinsights_skip_tracking":false,"_monsterinsights_sitenote_active":false,"_monsterinsights_sitenote_note":"","_monsterinsights_sitenote_category":0,"site-sidebar-layout":"default","site-content-layout":"default","ast-global-header-display":"","ast-banner-title-visibility":"","ast-main-header-display":"","ast-hfb-above-header-display":"","ast-hfb-below-header-display":"","ast-hfb-mobile-header-display":"","site-post-title":"","ast-breadcrumbs-content":"","ast-featured-img":"","footer-sml-layout":"","theme-transparent-header-meta":"","adv-header-id-meta":"","stick-header-meta":"","header-above-stick-meta":"","header-main-stick-meta":"","header-below-stick-meta":"","footnotes":""},"yoast_head":"<!-- This site is optimized with the Yoast SEO plugin v24.5 - https:\/\/yoast.com\/wordpress\/plugins\/seo\/ -->\n<title>Multi Split - Cool Clim<\/title>\n<meta name=\"robots\" content=\"index, follow, max-snippet:-1, max-image-preview:large, max-video-preview:-1\" \/>\n<link rel=\"canonical\" href=\"https:\/\/cool-clim.com\/index.php\/multi-split\/\" \/>\n<meta property=\"og:locale\" content=\"fr_FR\" \/>\n<meta property=\"og:type\" content=\"article\" \/>\n<meta property=\"og:title\" content=\"Multi Split - Cool Clim\" \/>\n<meta property=\"og:description\" content=\"Compos\u00e9 d&rsquo;un groupe ext\u00e9rieur de plusieurs unit\u00e9s int\u00e9rieures (5 maximum). Chauffage ou rafraichissement d&rsquo;un maximum de 5 pi\u00e8ces distinctes. Commande individuelle pour chaque pi\u00e8ce. Possibilit\u00e9 d&rsquo;installer des mod\u00e8les gainables qui fonctionne gr\u00e2ce \u00e0 des grilles d&rsquo;\u00e9vacuation puisque le groupe est install\u00e9 dans un faux plafond ou combles. Si le besoin n&rsquo;est que pour une pi\u00e8ce &hellip; Multi Split Lire la suite\u00a0\u00bb\" \/>\n<meta property=\"og:url\" content=\"https:\/\/cool-clim.com\/index.php\/multi-split\/\" \/>\n<meta property=\"og:site_name\" content=\"Cool Clim\" \/>\n<meta property=\"article:modified_time\" content=\"2021-12-02T15:09:42+00:00\" \/>\n<meta property=\"og:image\" content=\"https:\/\/cool-clim.com\/wp-content\/uploads\/2021\/12\/climatisation-multi-split.png\" \/>\n<meta name=\"twitter:card\" content=\"summary_large_image\" \/>\n<meta name=\"twitter:label1\" content=\"Dur\u00e9e de lecture estim\u00e9e\" \/>\n\t<meta name=\"twitter:data1\" content=\"1 minute\" \/>\n<script type=\"application\/ld+json\" class=\"yoast-schema-graph\">{\"@context\":\"https:\/\/schema.org\",\"@graph\":[{\"@type\":\"WebPage\",\"@id\":\"https:\/\/cool-clim.com\/index.php\/multi-split\/\",\"url\":\"https:\/\/cool-clim.com\/index.php\/multi-split\/\",\"name\":\"Multi Split - Cool Clim\",\"isPartOf\":{\"@id\":\"https:\/\/cool-clim.com\/#website\"},\"primaryImageOfPage\":{\"@id\":\"https:\/\/cool-clim.com\/index.php\/multi-split\/#primaryimage\"},\"image\":{\"@id\":\"https:\/\/cool-clim.com\/index.php\/multi-split\/#primaryimage\"},\"thumbnailUrl\":\"https:\/\/cool-clim.com\/wp-content\/uploads\/2021\/12\/climatisation-multi-split.png\",\"datePublished\":\"2021-12-02T08:29:34+00:00\",\"dateModified\":\"2021-12-02T15:09:42+00:00\",\"breadcrumb\":{\"@id\":\"https:\/\/cool-clim.com\/index.php\/multi-split\/#breadcrumb\"},\"inLanguage\":\"fr-FR\",\"potentialAction\":[{\"@type\":\"ReadAction\",\"target\":[\"https:\/\/cool-clim.com\/index.php\/multi-split\/\"]}]},{\"@type\":\"ImageObject\",\"inLanguage\":\"fr-FR\",\"@id\":\"https:\/\/cool-clim.com\/index.php\/multi-split\/#primaryimage\",\"url\":\"https:\/\/cool-clim.com\/wp-content\/uploads\/2021\/12\/climatisation-multi-split.png\",\"contentUrl\":\"https:\/\/cool-clim.com\/wp-content\/uploads\/2021\/12\/climatisation-multi-split.png\",\"width\":600,\"height\":400},{\"@type\":\"BreadcrumbList\",\"@id\":\"https:\/\/cool-clim.com\/index.php\/multi-split\/#breadcrumb\",\"itemListElement\":[{\"@type\":\"ListItem\",\"position\":1,\"name\":\"Accueil\",\"item\":\"https:\/\/cool-clim.com\/\"},{\"@type\":\"ListItem\",\"position\":2,\"name\":\"Multi Split\"}]},{\"@type\":\"WebSite\",\"@id\":\"https:\/\/cool-clim.com\/#website\",\"url\":\"https:\/\/cool-clim.com\/\",\"name\":\"Cool Clim\",\"description\":\"\",\"publisher\":{\"@id\":\"https:\/\/cool-clim.com\/#organization\"},\"potentialAction\":[{\"@type\":\"SearchAction\",\"target\":{\"@type\":\"EntryPoint\",\"urlTemplate\":\"https:\/\/cool-clim.com\/?s={search_term_string}\"},\"query-input\":{\"@type\":\"PropertyValueSpecification\",\"valueRequired\":true,\"valueName\":\"search_term_string\"}}],\"inLanguage\":\"fr-FR\"},{\"@type\":\"Organization\",\"@id\":\"https:\/\/cool-clim.com\/#organization\",\"name\":\"Cool Clim\",\"url\":\"https:\/\/cool-clim.com\/\",\"logo\":{\"@type\":\"ImageObject\",\"inLanguage\":\"fr-FR\",\"@id\":\"https:\/\/cool-clim.com\/#\/schema\/logo\/image\/\",\"url\":\"https:\/\/cool-clim.com\/wp-content\/uploads\/2021\/12\/cropped-cropped-7f345e36-d5c0-49e4-a096-c3c4db238c57.jpg\",\"contentUrl\":\"https:\/\/cool-clim.com\/wp-content\/uploads\/2021\/12\/cropped-cropped-7f345e36-d5c0-49e4-a096-c3c4db238c57.jpg\",\"width\":512,\"height\":361,\"caption\":\"Cool Clim\"},\"image\":{\"@id\":\"https:\/\/cool-clim.com\/#\/schema\/logo\/image\/\"}}]}<\/script>\n<!-- \/ Yoast SEO plugin. -->","yoast_head_json":{"title":"Multi Split - Cool Clim","robots":{"index":"index","follow":"follow","max-snippet":"max-snippet:-1","max-image-preview":"max-image-preview:large","max-video-preview":"max-video-preview:-1"},"canonical":"https:\/\/cool-clim.com\/index.php\/multi-split\/","og_locale":"fr_FR","og_type":"article","og_title":"Multi Split - Cool Clim","og_description":"Compos\u00e9 d&rsquo;un groupe ext\u00e9rieur de plusieurs unit\u00e9s int\u00e9rieures (5 maximum). Chauffage ou rafraichissement d&rsquo;un maximum de 5 pi\u00e8ces distinctes. Commande individuelle pour chaque pi\u00e8ce. Possibilit\u00e9 d&rsquo;installer des mod\u00e8les gainables qui fonctionne gr\u00e2ce \u00e0 des grilles d&rsquo;\u00e9vacuation puisque le groupe est install\u00e9 dans un faux plafond ou combles. Si le besoin n&rsquo;est que pour une pi\u00e8ce &hellip; Multi Split Lire la suite\u00a0\u00bb","og_url":"https:\/\/cool-clim.com\/index.php\/multi-split\/","og_site_name":"Cool Clim","article_modified_time":"2021-12-02T15:09:42+00:00","og_image":[{"url":"https:\/\/cool-clim.com\/wp-content\/uploads\/2021\/12\/climatisation-multi-split.png","type":"","width":"","height":""}],"twitter_card":"summary_large_image","twitter_misc":{"Dur\u00e9e de lecture estim\u00e9e":"1 minute"},"schema":{"@context":"https:\/\/schema.org","@graph":[{"@type":"WebPage","@id":"https:\/\/cool-clim.com\/index.php\/multi-split\/","url":"https:\/\/cool-clim.com\/index.php\/multi-split\/","name":"Multi Split - Cool Clim","isPartOf":{"@id":"https:\/\/cool-clim.com\/#website"},"primaryImageOfPage":{"@id":"https:\/\/cool-clim.com\/index.php\/multi-split\/#primaryimage"},"image":{"@id":"https:\/\/cool-clim.com\/index.php\/multi-split\/#primaryimage"},"thumbnailUrl":"https:\/\/cool-clim.com\/wp-content\/uploads\/2021\/12\/climatisation-multi-split.png","datePublished":"2021-12-02T08:29:34+00:00","dateModified":"2021-12-02T15:09:42+00:00","breadcrumb":{"@id":"https:\/\/cool-clim.com\/index.php\/multi-split\/#breadcrumb"},"inLanguage":"fr-FR","potentialAction":[{"@type":"ReadAction","target":["https:\/\/cool-clim.com\/index.php\/multi-split\/"]}]},{"@type":"ImageObject","inLanguage":"fr-FR","@id":"https:\/\/cool-clim.com\/index.php\/multi-split\/#primaryimage","url":"https:\/\/cool-clim.com\/wp-content\/uploads\/2021\/12\/climatisation-multi-split.png","contentUrl":"https:\/\/cool-clim.com\/wp-content\/uploads\/2021\/12\/climatisation-multi-split.png","width":600,"height":400},{"@type":"BreadcrumbList","@id":"https:\/\/cool-clim.com\/index.php\/multi-split\/#breadcrumb","itemListElement":[{"@type":"ListItem","position":1,"name":"Accueil","item":"https:\/\/cool-clim.com\/"},{"@type":"ListItem","position":2,"name":"Multi Split"}]},{"@type":"WebSite","@id":"https:\/\/cool-clim.com\/#website","url":"https:\/\/cool-clim.com\/","name":"Cool Clim","description":"","publisher":{"@id":"https:\/\/cool-clim.com\/#organization"},"potentialAction":[{"@type":"SearchAction","target":{"@type":"EntryPoint","urlTemplate":"https:\/\/cool-clim.com\/?s={search_term_string}"},"query-input":{"@type":"PropertyValueSpecification","valueRequired":true,"valueName":"search_term_string"}}],"inLanguage":"fr-FR"},{"@type":"Organization","@id":"https:\/\/cool-clim.com\/#organization","name":"Cool Clim","url":"https:\/\/cool-clim.com\/","logo":{"@type":"ImageObject","inLanguage":"fr-FR","@id":"https:\/\/cool-clim.com\/#\/schema\/logo\/image\/","url":"https:\/\/cool-clim.com\/wp-content\/uploads\/2021\/12\/cropped-cropped-7f345e36-d5c0-49e4-a096-c3c4db238c57.jpg","contentUrl":"https:\/\/cool-clim.com\/wp-content\/uploads\/2021\/12\/cropped-cropped-7f345e36-d5c0-49e4-a096-c3c4db238c57.jpg","width":512,"height":361,"caption":"Cool Clim"},"image":{"@id":"https:\/\/cool-clim.com\/#\/schema\/logo\/image\/"}}]}},"_links":{"self":[{"href":"https:\/\/cool-clim.com\/index.php\/wp-json\/wp\/v2\/pages\/23"}],"collection":[{"href":"https:\/\/cool-clim.com\/index.php\/wp-json\/wp\/v2\/pages"}],"about":[{"href":"https:\/\/cool-clim.com\/index.php\/wp-json\/wp\/v2\/types\/page"}],"author":[{"embeddable":true,"href":"https:\/\/cool-clim.com\/index.php\/wp-json\/wp\/v2\/users\/1"}],"replies":[{"embeddable":true,"href":"https:\/\/cool-clim.com\/index.php\/wp-json\/wp\/v2\/comments?post=23"}],"version-history":[{"count":13,"href":"https:\/\/cool-clim.com\/index.php\/wp-json\/wp\/v2\/pages\/23\/revisions"}],"predecessor-version":[{"id":201,"href":"https:\/\/cool-clim.com\/index.php\/wp-json\/wp\/v2\/pages\/23\/revisions\/201"}],"wp:attachment":[{"href":"https:\/\/cool-clim.com\/index.php\/wp-json\/wp\/v2\/media?parent=23"}],"curies":[{"name":"wp","href":"https:\/\/api.w.org\/{rel}","templated":true}]}}